t of ((-4160)/(-15))/2*(-18)/(-4)?
2
Let x(f) = 35*f + 318. Let i be x(-9). Let j(q) = 37*q + 12. Let l(r) = -19*r - 6. Let n(t) = 6*j(t) + 11*l(t). What is the tens digit of n(i)?
4
Suppose -18 + 3 = -3*m. Suppose -5*b + 18 = -2*f, -m*f = -0 - 5. Suppose -r - b*r = -70. What is the tens digit of r?
1
Let q = 75 + -52. Suppose 4*z - q = 153. What is the tens digit of z?
4
Suppose 3*y - 3215 = 7*s - 6*s, -s - 1071 = -y. What is the tens digit of y?
7
What is the units digit of (-13902)/(-9)*12/14?
4
Suppose 2*m - 28 = 3*j, 2*j + 19 = -3*m - 17. Let k = 28 + j. What is the units digit of k?
6
Suppose 6*d - 3 - 33 = 0. Let w(c) = -2*c + 4. Let p be w(-5). Suppose d*n - 5*n = p. What is the units digit of n?
4
Suppose 16 = 2*o - 2*x, -4 = -o - 5*x - 26. Let b(d) = -2*d**2 + 2*d**3 + 2*d - 3 - 4*d**o + 3*d**3 - 2*d**2. What is the units digit of b(4)?
5
Let x(p) = 59*p - 5. Suppose -12 = -4*j - 0*j. What is the hundreds digit of x(j)?
1
Let f = -561 - -1413. What is the tens digit of f?
5
Suppose -b + 8 = 45. Let p be b*(-3 + (-1 - -3)). Let q = 68 - p. What is the tens digit of q?
3
Let f(g) = g**2 + g**3 + 0*g - 2 - 11*g + 8*g**2. Let h be f(-10). What is the units digit of 365/20 - 2/h?
8
Let k = 20 - 17. Suppose 0 = 3*u + 12, q = -k*q + u + 312. What is the units digit of q?
7
Suppose -4*m + 544 = -100. Suppose -d + m = 4*w, -7*w + 156 = -3*w - 4*d. What is the units digit of w?
0
Let r(d) be the second derivative of -7*d**3/3 + 3*d**2 + 12*d. Let l be r(-9). Suppose -u + l = 2*u. What is the tens digit of u?
4
Suppose -2*z - 315 = 3*z. Let k = z - -89. Suppose 4*u = k - 2. What is the units digit of u?
6
Let l(j) = 2*j**2 - 5. Let w(b) = b**3 - 9*b**2 - 10*b - 3. Let a be w(10). What is the units digit of l(a)?
3
Suppose -23*s = -5446 - 281. What is the hundreds digit of s?
2
Let o be -4 - (-3107)/5 - (-2)/(-5). Suppose -3*m + 9*f - 10*f = -o, 0 = 4*f - 20. What is the units digit of m?
4
Suppose -g = -2*a + 9, -7*a + 2*a - g + 12 = 0. What is the tens digit of (28/(-10))/(412/140 - a)?
4
Let m(u) = 2*u**3 + 24*u**2 + 2*u - 12. What is the units digit of m(-9)?
6
Suppose 5*n = 5*u - 125, 5*u + 2*n - 12 = 113. Let o = -20 + u. Suppose 0 = -3*j - 4*q + 77, 0 = -o*j + 4*q - q + 80. What is the tens digit of j?
1
Suppose 4*v - 8 = 5*j, 5*j + 0*j = v - 2. Let r(a) = 24*a - 14. What is the units digit of r(v)?
4
What is the units digit of (18/63)/(3/30093)?
6
Let s(g) = -2*g - 21. Let u be s(-12). Suppose u*w = 2 + 10. What is the units digit of w?
4
Suppose g - j = 8 + 1, -g = -3*j - 19. Let s be 2 + (-1 - -1) + g. Suppose 2*d = 5*y + 59 + 4, 0 = -2*y - s. What is the units digit of d?
4
Let s(f) = -f**3 + 2*f**2 + 2*f + 3. Let x be s(2). What is the hundreds digit of 5 + 192 + -5 + x?
1
Let f be 5/(-20) + 63/12. Suppose 2*l = -4*o - 0*l + 160, f*o - 2*l - 218 = 0. What is the tens digit of o?
4
Let v = 73 - 69. Suppose -m - 2*p = -17, 47 = 5*m + v*p - 44. What is the units digit of m?
9
Let c(k) = -2*k + 2. Suppose g + g - 2*a + 2 = 0, 0 = -2*g + a - 2. Let o be c(g). Suppose 5*p - 28 = -2*v, -o*v = -7*v - 5*p + 52. What is the tens digit of v?
2
Suppose 64 = -14*j + 16*j. What is the units digit of 8/(j/12) - (-1 + -62)?
6
Suppose 8*b - 3 = 7*b. Suppose -5*x + 512 = b*x. What is the units digit of x?
4
Let o = 43 - 43. Suppose o = a + 5*s - 112, a - 2*s - 120 = -15. What is the tens digit of a?
0
Let d(f) be the third derivative of f**6/60 + f**4/24 - f**3/6 + 10*f**2. What is the tens digit of d(4)?
3
Suppose 7338 = -18*t + 26310. What is the tens digit of t?
5
Suppose -1854 = -261*t + 259*t. What is the hundreds digit of t?
9
Suppose 8*d = d + 896. What is the hundreds digit of d?
1
Let a = 89 + -67. Let t(b) = -b + 67. What is the units digit of t(a)?
5
Let t(y) = y**3 - 5*y**2 + 32*y + 19. What is the hundreds digit of t(14)?
2
Let c(t) = t - 13. Let r be c(9). Let g = -9 - r. What is the units digit of ((0 - 0) + g)/(-1)?
5
Suppose -4*d + t = -1162 - 258, 5*d - 1786 = 4*t. What is the units digit of d?
4
Suppose -q = 4*q - 410. Suppose -3*z - 753 = 5*n, n - q = z + 177. What is the tens digit of (-4)/(-6) + z/(-12)?
2
Let w = 174 + -110. Let a = w - 26. What is the tens digit of a?
3
What is the units digit of (-26)/(-3)*68 + 20/(-60)?
9
Let n = -411 + 1335. What is the hundreds digit of n?
9
Suppose -24 = -8*r + 5*r. Let h = -130 + 194. Suppose h = 4*d - r. What is the tens digit of d?
1
Let t = -884 + 631. Let u = t + 438. Suppose -4*o + u + 23 = 0. What is the units digit of o?
2
Let r be 2/4*-8 - -56. Suppose -x = d - r, -3*d + 0*d + 161 = 2*x. What is the units digit of d?
7
Let x = 2639 + 2566. What is the tens digit of x?
0
Let i(n) = n**3 + 19*n**2 + n + 26. Let b be i(-19). Suppose b*t - 4*t = 450. What is the units digit of t?
0
Let k(x) = 4*x**2. Let z be k(-1). Let r = z - 2. Suppose -2*f + 4 = -r. What is the units digit of f?
3
Suppose -n + 1 = -1. Suppose n*u = -u + 42. Suppose -j + 3*j = u. What is the units digit of j?
7
Let w(u) = -u**3 + 7*u**2 + 8*u + 6. Let n be w(8). Let s = n + -6. Let c(a) = a**2 + 2*a + 46. What is the tens digit of c(s)?
4
Let b = 48 + -46. Suppose 5*l = 0, 7*l - 2*l = b*p - 566. What is the units digit of p?
3
Let j(m) = -m - 8. Let a be j(9). Let t(c) = -6*c - 27. What is the tens digit of t(a)?
7
Suppose -i + 142 = -158. Suppose -2*k - 3*n - 2*n + 91 = 0, -5*k = -2*n - i. What is the units digit of k?
8
Let m(p) = -p**3 - 3*p**2 + 19*p + 6. Let q be m(-6). Suppose 3*v - 87 - 21 = q. What is the tens digit of v?
3
Let i be ((-3 - -4) + -1)/(2 - 1). Suppose 10*t - 6*t - 112 = i. What is the tens digit of t?
2
Let h be 1 - (-1 - 0)*-3. Let c be h/(-8) - 26/8. What is the tens digit of (21 - c) + 1 + 0?
2
Suppose -3*l + 2*l + h = -9, -3*l + 22 = -2*h. Suppose 3*w = l*x - 11, -5 = -5*w + 2*x - 0. Suppose 2*m = w*m - 20. What is the tens digit of m?
2
What is the tens digit of 29187/(-18)*20/(-30)?
8
Suppose 0*l + 5*l = -25. Let u be (6 + l)*(3 - 0). Suppose 0 = -m - f + 17, 4*f + 0*f = -u*m + 51. What is the units digit of m?
7
Let l = -17 + 21. Suppose -2*t + 0*t - 4*c = -l, -4*c = 5*t - 10. Suppose i + 3*i = 4*p - 48, -3*i = -p + t. What is the units digit of p?
7
Suppose -5*j + 14075 = 2*s, 12*j - s = 13*j - 2812. What is the hundreds digit of j?
8
Suppose z + 0*z = 5. What is the tens digit of (24/z)/((-3)/(-15))?
2
Let l = 42 + -39. Suppose -r = -5*w + w - 15, l*r = -2*w + 115. Let j = r - -16. What is the units digit of j?
1
Suppose -6 = -2*z, 0 = 2*r - 5*z - 2429 - 4940. What is the tens digit of r?
9
Let v be 122720/144 - (4/9)/2. Suppose -z + 4*s = -182, 4*s - 112 + v = 4*z. What is the hundreds digit of z?
1
What is the thousands digit of (-3 + 0 - -2191) + (21 - 16)?
2
Suppose 0 = -4*c + 8 - 4. What is the units digit of c/(-4) + (-303)/(-12)?
5
Let s = -428 + 1045. What is the tens digit of s?
1
Let k be 208/10*(-60)/(-24). Let x = 123 - k. What is the tens digit of x?
7
Let f = 2 + -2. Suppose -4*d + d = f. Suppose 4*z - 2*c - 132 = d, 3*z - 6*z - c + 94 = 0. What is the tens digit of z?
3
Suppose 2*m = -6*m - 3*m. Suppose -3*a + 138 + 34 = 5*g, 5*g - 4*a - 144 = m. What is the units digit of g?
2
Let k = -58 - -63. Suppose -3*i + 21 = k*t - 0*i, -3*i = 9. What is the units digit of t?
6
Suppose 6692 = 4*n + 3*n. What is the hundreds digit of n?
9
Suppose 3*n + 0 = 15, 5*n = -3*g + 25. Suppose -118 = -g*y - y. What is the tens digit of y?
1
Let h(c) = 32*c**2 + 4*c + 16. Let s be h(5). Suppose -38*r = -42*r + s. What is the hundreds digit of r?
2
Suppose -2*f = 1227 - 19. What is the tens digit of (-9)/(-6) + f/(-8)?
7
Let y be (-4)/18 + 0 - (-12070)/45. What is the tens digit of y/20 + (-4)/10?
1
Let m(w) = -361*w + 444. What is the hundreds digit of m(-7)?
9
Suppose -4*j - 15 - 29 = 4*p, 3*p + 29 = -j. Let u(l) = -l**2 - 2*l. Let m(r) = r - 1. Let w(c) = 3*m(c) - u(c). What is the tens digit of w(p)?
3
Suppose -3*u = u + 4, -4*f - 2*u = -2922. What is the units digit of f?
1
Let p(o) = -o**2 + 33*o**3 - 1 - 2 + 4*o + 49*o**3. What is the tens digit of p(1)?
8
Let w be ((-10)/(-6)*-3)/(-4 + 3). Suppose -21 = w*f - 206. What is the units digit of f?
7
Suppose 2*h + 17688 = 24*h. What is the tens digit of h?
0
Let s be (-5)/((-5)/(-2)) + (-16)/4. What is the tens digit of 4/6 - s/((-1